 27833?
5
Calculate the remainder when 4510039 is divided by 685.
684
What is the remainder when 236643885 is divided by 1042484?
17
Calculate the remainder when 321177 is divided by 26289.
5709
What is the remainder when 4336037 is divided by 722665?
47
What is the remainder when 81896232 is divided by 117?
93
Calculate the remainder when 165241 is divided by 184.
9
Calculate the remainder when 42176308 is divided by 52.
44
Calculate the remainder when 15041146 is divided by 1467.
1462
What is the remainder when 2346135 is divided by 2346135?
0
What is the remainder when 331885 is divided by 1053?
190
Calculate the remainder when 221815059 is divided by 9.
6
Calculate the remainder when 81967 is divided by 40806.
355
What is the remainder when 1084141 is divided by 622?
617
Calculate the remainder when 18791 is divided by 9384.
23
Calculate the remainder when 16594732 is divided by 37.
10
Calculate the remainder when 828341 is divided by 828258.
83
Calculate the remainder when 173491825 is divided by 1652303.
10
What is the remainder when 52444 is divided by 429?
106
Calculate the remainder when 34318 is divided by 6780.
418
Calculate the remainder when 1464684 is divided by 790.
24
Calculate the remainder when 487779763 is divided by 2211.
2209
What is the remainder when 1166826 is divided by 7247?
59
Calculate the remainder when 19470 is divided by 714.
192
What is the remainder when 2869807 is divided by 717447?
19
What is the remainder when 116357 is divided by 111374?
4983
What is the remainder when 10669909 is divided by 463909?
2
What is the remainder when 2075439 is divided by 172953?
3
Calculate the remainder when 106703 is divided by 127.
23
Calculate the remainder when 29399445 is divided by 6620.
25
Calculate the remainder when 96674030 is divided by 7928.
7926
Calculate the remainder when 3117667 is divided by 334.
111
What is the remainder when 55288217 is divided by 105?
47
Calculate the remainder when 7484605 is divided by 3931.
3912
Calculate the remainder when 66061 is divided by 197.
66
Calculate the remainder when 100548 is divided by 12010.
4468
What is the remainder when 1153650 is divided by 59?
23
What is the remainder when 9151827 is divided by 1830?
1827
Calculate the remainder when 28186892 is divided by 2152.
2148
What is the remainder when 614165 is divided by 161?
111
What is the remainder when 556487 is divided by 92697?
305
What is the remainder when 189058 is divided by 8588?
122
Calculate the remainder when 44203 is divided by 19864.
4475
What is the remainder when 28583 is divided by 4865?
4258
What is the remainder when 16450837 is divided by 2350112?
53
What is the remainder when 234360 is divided by 7542?
558
What is the remainder when 8542013 is divided by 56?
53
What is the remainder when 335573 is divided by 335557?
16
Calculate the remainder when 269492907 is divided by 206.
205
What is the remainder when 146388 is divided by 8611?
1
What is the remainder when 649018 is divided by 649012?
6
Calculate the remainder when 1915699 is divided by 273646.
177
Calculate the remainder when 1665819 is divided by 174.
117
What is the remainder when 608638 is divided by 32?
30
Calculate the remainder when 263576 is divided by 65666.
912
Calculate the remainder when 3306146 is divided by 214.
60
Calculate the remainder when 69156 is divided by 8637.
60
Calculate the remainder when 83609 is divided by 2534.
2521
What is the remainder when 101813 is divided by 50876?
61
What is the remainder when 367377 is divided by 2786?
2411
What is the remainder when 40349 is divided by 3320?
509
Calculate the remainder when 1001359 is divided by 59.
11
Calculate the remainder when 6827339 is divided by 62636.
15
Calculate the remainder when 14238125 is divided by 135601.
20
What is the remainder when 99723 is divided by 49463?
797
Calculate the remainder when 5684946 is divided by 47.
14
Calculate the remainder when 11493978 is divided by 1047.
12
Calculate the remainder when 200935 is divided by 100081.
773
What is the remainder when 9961486 is divided by 27?
25
What is the remainder when 38693718 is divided by 10?
8
What is the remainder when 39135449 is divided by 30?
29
Calculate the remainder when 149758 is divided by 2454.
64
What is the remainder when 238122 is divided by 12505?
527
Calculate the remainder when 243477 is divided by 60815.
217
What is the remainder when 28130 is divided by 345?
185
Calculate the remainder when 240901 is divided by 765.
691
What is the remainder when 812788 is divided by 142?
122
Calculate the remainder when 345715 is divided by 9307.
1356
Calculate the remainder when 44305 is divided by 21536.
1233
What is the remainder when 6499179 is divided by 618?
291
What is the remainder when 5694142 is divided by 1595?
1587
Calculate the remainder when 202450843 is divided by 17345.
3
Calculate the remainder when 4005075 is divided by 2569.
4
Calculate the remainder when 123470026 is divided by 774.
772
Calculate the remainder when 7058020 is divided by 2352669.
13
Calculate the remainder when 15386523 is divided by 769326.
3
Calculate the remainder when 864725 is divided by 20588.
29
What is the remainder when 15078647 is divided by 55?
12
What is the remainder when 11831817 is divided by 39?
36
What is the remainder when 261279 is divided by 261254?
25
Calculate the remainder when 14397146 is divided by 60239.
25
Calculate the remainder when 190181 is divided by 155.
151
What is the remainder when 1943516 is divided by 1783?
46
What is the remainder when 1185943 is divided by 27576?
175
What is the remainder when 7807048 is divided by 54?
52
Calculate the remainder when 4238574 is divided by 399.
396
Calculate the remainder when 969338 is divided by 5075.
13
What is the remainder when 1425606 is divided by 9441?
15
Calculate the remainder when 97066 is divided by 135.
1
Calculate the remainder when 33986 is divided by 3847.
3210
What is the remainder when 23748935 is divided by 38?
37
What is the remainder when 41051995 is divided by 1244?
1239
Calculate the remainder when 98935976 is divided by 3548.
3544
What is the remainder when 76826 is divided by 2261?
2213
Calculate the remainder when 29782927 is divided by 6723.
37
Calculate the remainder when 4247189 is divided by 9.
8
What is the remainder when 495476 is divided by 627?
146
Calculate the remainder when 14400943 is divided by 36458.
33
What is the remainder when 206932626 is divided by 121?
120
What is the remainder when 1544647 is divided by 1191?
1111
What is the remainder when 1180538 is divided by 92?
86
What is the remainder when 6596478 is divided by 83?
53
What is the remainder when 74965741 is divided by 1022?
1019
Calculate the remainder when 12740905 is divided by 14.
9
What is the remainder when 312974 is divided by 1449?
1439
What is the remainder when 2045671 is divided by 2045619?
52
Calculate the remainder when 728805 is divided by 2215.
70
Calculate the remainder when 158552 is divided by 14413.
9
What is the remainder when 78146377 is divided by 6011259?
10
Calculate the remainder when 3591 is divided by 2286.
1305
What is the remainder when 164123362 is divided by 22?
18
Calculate the remainder when 9398954 is divided by 1723.
1712
Calculate the remainder when 48710 is divided by 1507.
486
What is the remainder when 1431586 is divided by 80?
66
What is the remainder when 129634 is divided by 3670?
1184
What is the remainder when 111212686 is divided by 3005748?
10
Calculate the remainder when 4324317 is divided by 1560.
1557
What is the remainder when 27740225 is divided by 48?
17
Calculate the remainder when 76544 is divided by 25115.
1199
What is the remainder when 30358905 is divided by 1214356?
5
Calculate the remainder when 53544473 is divided by 6693059.
1
Calculate the remainder when 1148248 is divided by 1278.
604
Calculate the remainder when 21136 is divided by 18869.
2267
What is the remainder when 1452482 is divided by 8564?
5166
Calculate the remainder when 3926354 is divided by 118978.
80
What is the remainder when 40855894 is divided by 153?
151
Calculate the remainder when 3583076 is divided by 61777.
10
What is the remainder when 63561957 is divided by 220?
217
What is the remainder when 187006941 i